{"id":2,"date":"2024-10-14T09:29:04","date_gmt":"2024-10-14T09:29:04","guid":{"rendered":"https:\/\/terbatas.estera.ee\/?page_id=2"},"modified":"2025-07-10T08:36:56","modified_gmt":"2025-07-10T08:36:56","slug":"homepage","status":"publish","type":"page","link":"https:\/\/holme.estera.ee\/","title":{"rendered":"Homepage"},"content":{"rendered":"\n<p>This is an example page. It&#8217;s different from a blog post because it will stay in one place and will show up <\/p>\n\n\n\n<p><\/p>\n","protected":false},"excerpt":{"rendered":"<p>This is an example page. It&#8217;s different from a blog post because it will stay in one place and will show up<\/p>\n","protected":false},"author":1,"featured_media":0,"parent":0,"menu_order":0,"comment_status":"closed","ping_status":"closed","template":"","meta":{"_acf_changed":false,"footnotes":""},"class_list":["post-2","page","type-page","status-publish","hentry"],"acf":[],"yoast_head":"<!-- This site is optimized with the Yoast SEO plugin v27.5 - https:\/\/yoast.com\/product\/yoast-seo-wordpress\/ -->\n<title>Homepage - Holme | Estera<\/title>\n<meta name=\"description\" content=\"Jauns un moderns dinamisk\u0101s pils\u0113tas dz\u012bves un dabas sniegt\u0101 miera ieskauts dz\u012bvojamais kvart\u0101ls pa\u0161\u0101 R\u012bgas centr\u0101, starp T\u0113rbatas un Kri\u0161j\u0101\u0146a Barona ielu.\" \/>\n<meta name=\"robots\" content=\"noindex, follow, max-snippet:-1, max-image-preview:large, max-video-preview:-1\" \/>\n<meta property=\"og:locale\" content=\"lv_LV\" \/>\n<meta property=\"og:type\" content=\"article\" \/>\n<meta property=\"og:title\" content=\"Homepage - Holme | Estera\" \/>\n<meta property=\"og:description\" content=\"Jauns un moderns dinamisk\u0101s pils\u0113tas dz\u012bves un dabas sniegt\u0101 miera ieskauts dz\u012bvojamais kvart\u0101ls pa\u0161\u0101 R\u012bgas centr\u0101, starp T\u0113rbatas un Kri\u0161j\u0101\u0146a Barona ielu.\" \/>\n<meta property=\"og:url\" content=\"https:\/\/holme.estera.ee\/?page_id=2\" \/>\n<meta property=\"og:site_name\" content=\"Holme | Estera\" \/>\n<meta property=\"article:modified_time\" content=\"2025-07-10T08:36:56+00:00\" \/>\n<meta name=\"twitter:card\" content=\"summary_large_image\" \/>\n<script type=\"application\/ld+json\" class=\"yoast-schema-graph\">{\"@context\":\"https:\\\/\\\/schema.org\",\"@graph\":[{\"@type\":\"WebPage\",\"@id\":\"https:\\\/\\\/holme.estera.ee\\\/?page_id=2\",\"url\":\"https:\\\/\\\/holme.estera.ee\\\/?page_id=2\",\"name\":\"Homepage - Holme | Estera\",\"isPartOf\":{\"@id\":\"https:\\\/\\\/holme.estera.ee\\\/#website\"},\"datePublished\":\"2024-10-14T09:29:04+00:00\",\"dateModified\":\"2025-07-10T08:36:56+00:00\",\"description\":\"Jauns un moderns dinamisk\u0101s pils\u0113tas dz\u012bves un dabas sniegt\u0101 miera ieskauts dz\u012bvojamais kvart\u0101ls pa\u0161\u0101 R\u012bgas centr\u0101, starp T\u0113rbatas un Kri\u0161j\u0101\u0146a Barona ielu.\",\"breadcrumb\":{\"@id\":\"https:\\\/\\\/holme.estera.ee\\\/?page_id=2#breadcrumb\"},\"inLanguage\":\"lv-LV\",\"potentialAction\":[{\"@type\":\"ReadAction\",\"target\":[\"https:\\\/\\\/holme.estera.ee\\\/?page_id=2\"]}]},{\"@type\":\"BreadcrumbList\",\"@id\":\"https:\\\/\\\/holme.estera.ee\\\/?page_id=2#breadcrumb\",\"itemListElement\":[{\"@type\":\"ListItem\",\"position\":1,\"name\":\"Home\",\"item\":\"https:\\\/\\\/holme.estera.ee\\\/?page_id=2\"},{\"@type\":\"ListItem\",\"position\":2,\"name\":\"Homepage\"}]},{\"@type\":\"WebSite\",\"@id\":\"https:\\\/\\\/holme.estera.ee\\\/#website\",\"url\":\"https:\\\/\\\/holme.estera.ee\\\/\",\"name\":\"Holme | Estera\",\"description\":\"\",\"potentialAction\":[{\"@type\":\"SearchAction\",\"target\":{\"@type\":\"EntryPoint\",\"urlTemplate\":\"https:\\\/\\\/holme.estera.ee\\\/?s={search_term_string}\"},\"query-input\":{\"@type\":\"PropertyValueSpecification\",\"valueRequired\":true,\"valueName\":\"search_term_string\"}}],\"inLanguage\":\"lv-LV\"}]}<\/script>\n<!-- \/ Yoast SEO plugin. -->","yoast_head_json":{"title":"Homepage - Holme | Estera","description":"Jauns un moderns dinamisk\u0101s pils\u0113tas dz\u012bves un dabas sniegt\u0101 miera ieskauts dz\u012bvojamais kvart\u0101ls pa\u0161\u0101 R\u012bgas centr\u0101, starp T\u0113rbatas un Kri\u0161j\u0101\u0146a Barona ielu.","robots":{"index":"noindex","follow":"follow","max-snippet":"max-snippet:-1","max-image-preview":"max-image-preview:large","max-video-preview":"max-video-preview:-1"},"og_locale":"lv_LV","og_type":"article","og_title":"Homepage - Holme | Estera","og_description":"Jauns un moderns dinamisk\u0101s pils\u0113tas dz\u012bves un dabas sniegt\u0101 miera ieskauts dz\u012bvojamais kvart\u0101ls pa\u0161\u0101 R\u012bgas centr\u0101, starp T\u0113rbatas un Kri\u0161j\u0101\u0146a Barona ielu.","og_url":"https:\/\/holme.estera.ee\/?page_id=2","og_site_name":"Holme | Estera","article_modified_time":"2025-07-10T08:36:56+00:00","twitter_card":"summary_large_image","schema":{"@context":"https:\/\/schema.org","@graph":[{"@type":"WebPage","@id":"https:\/\/holme.estera.ee\/?page_id=2","url":"https:\/\/holme.estera.ee\/?page_id=2","name":"Homepage - Holme | Estera","isPartOf":{"@id":"https:\/\/holme.estera.ee\/#website"},"datePublished":"2024-10-14T09:29:04+00:00","dateModified":"2025-07-10T08:36:56+00:00","description":"Jauns un moderns dinamisk\u0101s pils\u0113tas dz\u012bves un dabas sniegt\u0101 miera ieskauts dz\u012bvojamais kvart\u0101ls pa\u0161\u0101 R\u012bgas centr\u0101, starp T\u0113rbatas un Kri\u0161j\u0101\u0146a Barona ielu.","breadcrumb":{"@id":"https:\/\/holme.estera.ee\/?page_id=2#breadcrumb"},"inLanguage":"lv-LV","potentialAction":[{"@type":"ReadAction","target":["https:\/\/holme.estera.ee\/?page_id=2"]}]},{"@type":"BreadcrumbList","@id":"https:\/\/holme.estera.ee\/?page_id=2#breadcrumb","itemListElement":[{"@type":"ListItem","position":1,"name":"Home","item":"https:\/\/holme.estera.ee\/?page_id=2"},{"@type":"ListItem","position":2,"name":"Homepage"}]},{"@type":"WebSite","@id":"https:\/\/holme.estera.ee\/#website","url":"https:\/\/holme.estera.ee\/","name":"Holme | Estera","description":"","potentialAction":[{"@type":"SearchAction","target":{"@type":"EntryPoint","urlTemplate":"https:\/\/holme.estera.ee\/?s={search_term_string}"},"query-input":{"@type":"PropertyValueSpecification","valueRequired":true,"valueName":"search_term_string"}}],"inLanguage":"lv-LV"}]}},"_links":{"self":[{"href":"https:\/\/holme.estera.ee\/index.php?rest_route=\/wp\/v2\/pages\/2","targetHints":{"allow":["GET"]}}],"collection":[{"href":"https:\/\/holme.estera.ee\/index.php?rest_route=\/wp\/v2\/pages"}],"about":[{"href":"https:\/\/holme.estera.ee\/index.php?rest_route=\/wp\/v2\/types\/page"}],"author":[{"embeddable":true,"href":"https:\/\/holme.estera.ee\/index.php?rest_route=\/wp\/v2\/users\/1"}],"replies":[{"embeddable":true,"href":"https:\/\/holme.estera.ee\/index.php?rest_route=%2Fwp%2Fv2%2Fcomments&post=2"}],"version-history":[{"count":62,"href":"https:\/\/holme.estera.ee\/index.php?rest_route=\/wp\/v2\/pages\/2\/revisions"}],"predecessor-version":[{"id":505,"href":"https:\/\/holme.estera.ee\/index.php?rest_route=\/wp\/v2\/pages\/2\/revisions\/505"}],"wp:attachment":[{"href":"https:\/\/holme.estera.ee\/index.php?rest_route=%2Fwp%2Fv2%2Fmedia&parent=2"}],"curies":[{"name":"wp","href":"https:\/\/api.w.org\/{rel}","templated":true}]}}